lculate the highest common divisor of 32922 and 12276.
558
What is the highest common divisor of 2975 and 224?
7
Calculate the highest common divisor of 932 and 49163.
233
What is the highest common divisor of 8662 and 4?
2
What is the highest common factor of 19 and 247?
19
What is the greatest common divisor of 120 and 372660?
60
What is the highest common factor of 707 and 484?
1
Calculate the highest common factor of 2931367 and 617.
617
Calculate the greatest common divisor of 2168 and 696470.
542
Calculate the highest common factor of 14077 and 21.
7
What is the highest common divisor of 620 and 12772?
124
What is the highest common factor of 94 and 5762012?
94
What is the highest common divisor of 377 and 840177?
13
What is the highest common divisor of 6183 and 81?
27
Calculate the highest common factor of 1763 and 96637.
41
What is the highest common divisor of 410332 and 13?
13
Calculate the greatest common factor of 222 and 950826.
222
What is the greatest common factor of 276485 and 33818?
457
Calculate the greatest common divisor of 46815 and 255.
15
Calculate the greatest common factor of 999 and 43734.
111
Calculate the highest common divisor of 51585 and 114.
57
Calculate the greatest common divisor of 2353 and 43259.
181
What is the greatest common factor of 6499 and 3880?
97
What is the greatest common factor of 5112 and 276?
12
Calculate the highest common factor of 14865 and 60.
15
What is the highest common divisor of 286 and 80158?
26
What is the highest common divisor of 9 and 19317?
3
What is the highest common divisor of 3086 and 6?
2
What is the highest common divisor of 54 and 69687?
27
What is the greatest common factor of 314250 and 90?
30
Calculate the highest common factor of 800 and 1260.
20
What is the highest common divisor of 585666 and 36?
18
What is the greatest common divisor of 28496 and 390?
26
What is the highest common factor of 38 and 8182?
2
Calculate the greatest common divisor of 7 and 25594.
1
Calculate the greatest common divisor of 8404 and 880.
44
Calculate the highest common factor of 2808 and 3016.
104
Calculate the greatest common factor of 102 and 53142.
102
What is the greatest common divisor of 1740 and 180?
60
What is the greatest common factor of 140790 and 624?
78
What is the highest common divisor of 96 and 16752?
48
Calculate the greatest common factor of 11231661 and 21.
21
Calculate the greatest common divisor of 1030 and 206.
206
Calculate the greatest common divisor of 6732 and 277508.
748
Calculate the greatest common divisor of 10 and 176810.
10
Calculate the greatest common divisor of 609 and 17078796.
609
Calculate the greatest common factor of 1442851 and 443.
443
Calculate the greatest common factor of 4 and 1234652.
4
Calculate the highest common divisor of 86751 and 42.
21
What is the highest common divisor of 161 and 749?
7
What is the highest common divisor of 912 and 21679?
19
Calculate the greatest common divisor of 355850 and 25.
25
What is the highest common divisor of 52 and 585572?
52
What is the highest common divisor of 50 and 614925?
25
What is the greatest common divisor of 22882 and 4?
2
What is the highest common factor of 5346 and 154?
22
What is the greatest common factor of 5075 and 14000?
175
Calculate the greatest common factor of 21976 and 13400.
536
What is the greatest common factor of 475 and 595745?
95
What is the highest common factor of 3 and 1328991?
3
Calculate the highest common divisor of 1320 and 2270.
10
What is the greatest common divisor of 57122 and 3718?
338
What is the greatest common divisor of 299 and 113789?
13
Calculate the greatest common divisor of 120 and 209928.
24
Calculate the greatest common divisor of 45696 and 452676.
1428
What is the highest common divisor of 26179 and 47?
47
Calculate the greatest common factor of 62 and 1359598.
62
Calculate the greatest common divisor of 4410 and 112.
14
Calculate the highest common divisor of 27 and 549.
9
What is the highest common divisor of 96 and 93192?
24
Calculate the highest common factor of 10350 and 189225.
225
What is the highest common factor of 4116 and 1323?
147
Calculate the greatest common divisor of 1788 and 64815.
447
What is the highest common divisor of 9 and 5361201?
9
Calculate the highest common factor of 16184 and 312.
8
Calculate the greatest common factor of 43 and 83119.
43
Calculate the highest common factor of 1868866 and 1333.
1333
What is the highest common factor of 144 and 115968?
48
What is the highest common divisor of 84 and 78701?
7
Calculate the greatest common divisor of 7272 and 8442.
18
Calculate the highest common factor of 208 and 986032.
16
What is the highest common divisor of 10332 and 18207?
63
Calculate the highest common divisor of 159515 and 7015.
305
Calculate the greatest common divisor of 887572 and 28.
28
Calculate the highest common divisor of 2288 and 53232.
16
Calculate the greatest common divisor of 1719414 and 306.
306
What is the highest common factor of 98 and 86191?
49
What is the greatest common divisor of 1398240 and 36?
36
Calculate the greatest common divisor of 11552 and 544.
32
What is the highest common divisor of 679 and 4550?
7
Calculate the greatest common factor of 4200 and 500700.
300
Calculate the greatest common divisor of 236 and 1571819.
59
What is the highest common factor of 216648 and 17?
17
What is the greatest common divisor of 7456296 and 1072?
536
What is the greatest common divisor of 1070 and 151?
1
What is the highest common factor of 12 and 6407868?
12
What is the greatest common divisor of 6425 and 1775?
25
Calculate the highest common factor of 1274893 and 604.
151
Calculate the highest common factor of 438795 and 525.
105
What is the greatest common divisor of 896 and 47572?
28
What is the greatest common divisor of 254 and 1243711?
127
Calculate the highest common divisor of 62665 and 2075.
415
What is the highest common factor of 217 and 900116?
217
Calculate the greatest common divisor of 9 and 76995.
9
Calculate the greatest common factor of 18868 and 53.
53
What is the greatest common factor of 5397 and 92006?
257
Calculate the highest common divisor of 7658 and 4732.
14
Calculate the greatest common divisor of 355302 and 18.
18
Calculate the greatest common factor of 4476 and 288.
12
What is the greatest common factor of 1120800 and 384?
96
What is the greatest common divisor of 1233 and 2610?
9
What is the greatest common divisor of 11088 and 5698?
154
What is the highest common divisor of 1040315 and 85?
85
What is the greatest common divisor of 1468 and 172?
4
What is the greatest common factor of 11 and 3401761?
11
Calculate the highest common factor of 303 and 2221394.
101
What is the greatest common factor of 1311040 and 80?
80
Calculate the greatest common divisor of 11517 and 8877.
33
Calculate the highest common factor of 1846 and 1348432.
142
What is the greatest common factor of 400 and 185?
5
What is the greatest common divisor of 353841 and 237?
237
Calculate the greatest common divisor of 719 and 26603.
719
What is the highest common factor of 13785 and 30?
15
What is the greatest common divisor of 42 and 14546?
14
What is the greatest common divisor of 731 and 215?
43
Calculate the greatest common divisor of 59 and 3105229.
59
What is the highest common divisor of 1863 and 2430?
81
Calculate the greatest common factor of 135 and 10035.
45
Calculate the greatest common factor of 30488 and 16.
8
Calculate the greatest common factor of 689 and 611.
13
What is the highest common divisor of 480312 and 1512?
504
Calculate the highest common divisor of 297738 and 408.
102
Calculate the highest common divisor of 344 and 91547.
43
Calculate the greatest common factor of 176 and 6512.
176
What is the greatest common factor of 42216 and 72?
24
What is the highest common factor of 12 and 321?
3
What is the highest common factor of 44 and 9977?
11
Calculate the highest common divisor of 5962 and 7766.
22
What is the highest common divisor of 107 and 4761179?
107
Calculate the greatest common divisor of 124135 and 407.
407
Calculate the greatest common divisor of 21396 and 39.
3
Calculate the highest common divisor of 19048 and 8.
8
What is the highest common factor of 27 and 78843?
